 d?
7
Let x(b) = 11*b + 5. Let z be x(-5). Suppose -4977*p + 144 = -4981*p. Let a = p - z. What is the tens digit of a?
1
Let z be (-2 + (-32)/(-20))*-10. Let q be (-1)/(-5) + (-7)/140*z. Let c(x) = x**3 - x**2 + x + 38. What is the tens digit of c(q)?
3
Let q = 6981 + -1818. What is the thousands digit of q?
5
Let f = -170 + 169. What is the tens digit of ((-4)/f)/((-4)/(-292))?
9
Suppose -5*n - f = f + 26, 4*n + 4*f + 28 = 0. Let m be 0 + (n + 0 - (-202 + -3)). Suppose 3*i = q - 211, 0 = -q - i - i + m. What is the tens digit of q?
0
Let y(j) = -j**3 - 37*j**2 - 42*j - 147. Let f(i) = -10*i**2 - 3*i - 2. Let t be f(-2). What is the units digit of y(t)?
9
Let a(b) = 53*b - 25. Let i be a(4). Let s = 483 - i. What is the units digit of s?
6
Let s be 5138/(-10) + (-5)/25. Let r = 2 - s. What is the hundreds digit of r?
5
Let x(w) be the third derivative of 9*w**5/20 - 25*w**4/24 + 29*w**3/6 + 3*w**2 - 19*w. What is the tens digit of x(5)?
7
Suppose -2*x - 70 = 4*b, -2*b - 4*x - 29 - 21 = 0. What is the units digit of (10 + b - (-7 - -1))*275?
5
Suppose -2*q + 4*q - 402 = 0. Let g = 523 - 547. What is the tens digit of 2/((g/q)/(-4))?
6
Let f(o) = -1141*o + 173. What is the hundreds digit of f(-3)?
5
Suppose 74*s = 1518573 + 532559. What is the units digit of s?
8
Let c(k) = -k**3 + 7*k**2 + 5*k + 3. Let s = 28 - 20. Let n be c(s). What is the tens digit of (623/n)/(4/(-12))?
8
Let v be 50/(-2) - (-2 + 1). What is the hundreds digit of 4/(-6)*9*v - -1?
1
Let m be (-16)/(-36)*-3 + 58/3. Suppose -m*z = z - 3439. What is the tens digit of z?
8
Suppose 46*d - 46298 - 17964 = 0. Suppose -2*r + 697 = -3*w, -w = -4*r + 4*w + d. What is the tens digit of r?
5
Let o(g) = -g**3 - 4*g**2 - 18*g - 44. Let i be o(-9). Let y = i + -380. What is the tens digit of y?
4
Suppose -16*n - 4*c = -15*n - 45286, -c + 181159 = 4*n. What is the units digit of n?
0
Let g(a) = 138*a - 44. Suppose -3*b - 9 = z - 2, 3 = -z - 2*b. What is the tens digit of g(z)?
4
What is the hundreds digit of (-123)/2*(-1231700)/1695?
6
Let l(z) = -z**3 - 22*z**2 - 39*z + 22. Let x be l(-20). Suppose -i = 4*c - 276 - 524, x*c + 4*i = 400. What is the tens digit of c?
0
Let d = -795 + 798. Suppose -42644 = -25*p - d*p. What is the tens digit of p?
2
Suppose -2*l - y + 153266 = 0, 4*l + y - 306526 = -2*y. What is the ten thousands digit of l?
7
Suppose -221*o - 3581556 = -287*o. What is the thousands digit of o?
4
Let y be -1 + 0/(-2) + 1781. Suppose 5*b - y = 2*a - 7*a, -5*a + 1782 = 3*b. Suppose -2*m + a - 35 = 0. What is the tens digit of m?
6
Let p(f) = -79*f - 28. Let v be p(-14). Let y = -523 + v. What is the hundreds digit of y?
5
What is the hundreds digit of 17/51*45 + 13340?
3
Suppose 0 = -49*y + 46*y + 25959. What is the tens digit of y?
5
Suppose -7*d - 2*d - 36 = 0. Let u = 106 + d. What is the units digit of u?
2
Suppose -2*i + 839 = -3*n - 957, -2705 = -3*i - n. What is the units digit of i?
1
Suppose 6*s - 3*m = 34507 + 5570, s - 6690 = -3*m. What is the thousands digit of s?
6
Let g(v) = -v**3 + 30*v**2 + 73*v + 65. Let t be 0 + (-16)/24*-48. What is the hundreds digit of g(t)?
3
Suppose 2*v = 2*d + 192, v + 4*d = -2*v + 309. Let b = v - 95. Suppose 7*t - 451 = b*t + 4*q, -2*t + 329 = 3*q. What is the tens digit of t?
5
Let h(p) = 2*p**2 - 13*p - 1280. What is the tens digit of h(-97)?
9
What is the units digit of (-113314)/(-18) + (-256)/(-576) - (-2)/(-3)?
5
Let l = -14145 + 23699. What is the hundreds digit of l?
5
Let m = 2159 + 3267. What is the units digit of m?
6
Let u(r) = -r**3 - r + 1. Let n(b) = -b**3 - 2*b**2 - 3*b + 2. Let c(o) = -n(o) + 2*u(o). Let s be c(-1). What is the units digit of ((-1)/s)/(1/(-34)) + 2?
9
Let h = 50658 + -34513. What is the thousands digit of h?
6
What is the tens digit of 4*(-1)/8*-17042?
2
What is the ten thousands digit of -47 - 12188/(-264) - 739066/(-12)?
6
Suppose -5*c = -2*v - 6536, -2*v = 2*c - 1668 - 952. Suppose 41*y - 53*y = -c. What is the hundreds digit of y?
1
Suppose 2*q + 0*f + 4*f + 6 = 0, -f + 12 = 5*q. Let x be 1*((-2 - (-4 - 0)) + q). Suppose 31 = x*n - 179. What is the tens digit of n?
4
Suppose 4*j - 8*j = 3*b - 21, -b + 13 = 2*j. Suppose 10 = j*i - 8. Suppose i*g = -2*g + 276. What is the tens digit of g?
6
Let x be 155/(-310)*2*-2*1. Suppose -x*w + 318 = 4*r, -2*r + 6*w + 174 = 2*w. What is the units digit of r?
1
Suppose 0*t + 4*u - 413 = -t, -416 = -t - 5*u. Let x = t - 53. Suppose 1415 = 11*k + x. What is the tens digit of k?
9
Suppose 859*v - 856*v = 4*a + 11773, 3*v - 11777 = 2*a. What is the hundreds digit of v?
9
Let b = 532 + -261. Suppose -5*s - p = -4726, -s = -0*s + 5*p - 926. Suppose -5*n + 3*i = -s, 3*i = 3*n - 293 - b. What is the units digit of n?
1
Suppose a - 10254 = 5*y, -77*y + 81*y = 3*a - 30773. What is the ten thousands digit of a?
1
Let i(h) = h**3 - 18*h**2 - 3*h + 56. Let t be i(18). Let f = t + 5. Suppose 2*r = 1 + f, 4*u = -3*r + 360. What is the units digit of u?
7
Let b = -48 - -52. Suppose 5*z - 3*v + 6*v = b, -16 = z - 5*v. What is the tens digit of 2/(-4) - (1705/(-10) - z)?
6
Let a(v) = -2*v**2 + 5*v - 4. Let z be a(3). What is the tens digit of (-11 - z)/(-4) - -28?
2
Let x(h) be the first derivative of -h**4/4 + 10*h**3/3 - 3*h**2 + 6*h + 1. Let o(t) = 2*t**2 - 82*t + 5. Let y be o(41). What is the tens digit of x(y)?
0
Let q = 467 + -239. What is the tens digit of (2 - -53 - 1)*q/8?
3
Let j(c) = -c**3 + c**2 + 5*c - 1. Let n be j(6). Let t = 691 + n. Suppose 5*w - t = -p, -3*w + 3*p + 257 = -67. What is the hundreds digit of w?
1
Suppose -2*w = -5*w - 4*w. Let v(b) = 2*b**3 - b**2 + 2*b + 1425. What is the units digit of v(w)?
5
What is the thousands digit of 3/((-9)/(-272))*10017/477?
1
Let u = 124397 + -75657. What is the hundreds digit of u?
7
Let w = -52 - -358. Suppose h = s + w, -5*s + 15 + 5 = 0. What is the units digit of h?
0
Let g = -3368 + -849. Let b = -2408 - g. What is the thousands digit of b?
1
Let q(r) = 1121*r**2 + 123*r - 457. What is the thousands digit of q(4)?
7
Let n(j) = 2 - 2*j + 501*j**2 + 18*j - 11*j. What is the tens digit of n(-1)?
9
Let s(g) = -6*g**3 - 9*g**2 - 16*g - 575. What is the tens digit of s(-22)?
0
Let c(v) = 4145*v**2 - 119*v + 238. What is the thousands digit of c(2)?
6
Suppose -3*h + 2*q + 14079 = -10205, 4*q = 3*h - 24286. What is the hundreds digit of h?
0
Let h = -57 - -19. What is the units digit of h/95 + (-7114)/(-10)?
1
Suppose 89*y + 289277 - 861903 = 0. What is the hundreds digit of y?
4
What is the thousands digit of 1320/2112*28/1*(-1844)/(-2)?
6
Let r = 38506 + 3262. What is the units digit of r?
8
Let a(q) = 2*q**2 - 17*q. Let f be a(12). Suppose -2*l = -16*l - 266. Let j = f - l. What is the hundreds digit of j?
1
Let c = -100 - -145. Suppose c*w + 1990 = 55*w. What is the tens digit of w?
9
Let s be (68/(-3))/((-84)/1638). Let w = -347 + s. What is the tens digit of w?
9
Let q be ((82/(-3))/1)/((-18)/27). Let u = q + -41. Suppose u = 14*h - 10*h - 60. What is the units digit of h?
5
Let b be (-4)/(-6) + 11*(-3)/9. What is the units digit of (122/b)/(4/(-6))?
1
Suppose 24*x = -c + 23*x + 10284, -c = -2*x - 10278. What is the units digit of c?
2
Suppose -2*q + 2*x + 3*x = -191, -3*x = 2*q - 231. Suppose n + q = -n. Let o = 71 + n. What is the tens digit of o?
1
What is the units digit of (-134938)/(-20) + ((-507)/130 - -4)?
7
Suppose 3*h - 20 - 52 = -3*t, 4*t - 15 = -h. Let y = h - -75. What is the units digit of y?
2
Let y(r) = r**2 - 5*r - 8. Let l be y(-1). What is the tens digit of 4/(l/(-1) - 4) - -790?
8
Let w(j) = 158*j + 23. Suppose 52*y - 8 = 48*y. What is the units digit of w(y)?
9
Let a be (-2)/(-7)*(-5)/((-45)/63). Suppose -b - 1025 + 4416 = 4*m, -a*m + 3*b + 1713 = 0. What is the hundreds digit of m?
8
Let a(h) = -h**3 + h**2 - 1. Let y(d) = 7*d**3 + 14*d**2 - 28*d - 58. Let m(x) = -6*a(x) - y(x). What is the tens digit of m(-22)?
1
Let m(g) = 11*g**2 + 33*g + 277. What is the tens digit of m(-7)?
8
Suppose -2*p - u = -6*p - 172, 5*p + 214 = u. Let f be p/4*88/(-12). Let l = 163 - f. What is the units digit of l?
6
Suppose -4*l + 10*t - 40 = 6*t, 0 = -3*t. Suppose 0 = 2*q - 4*f - 8, 3*q - 5*f - 11 = 4. What is the tens digit of 153 + l*5/q?
4
Let q be 155*(4 + 24/(-30)). Let o = q + -223. What is the units